{"id":501,"date":"2019-07-09T15:56:47","date_gmt":"2019-07-09T15:56:47","guid":{"rendered":"http:\/\/rockelmann-pictures.de\/wordpress\/?page_id=501"},"modified":"2019-07-09T16:07:42","modified_gmt":"2019-07-09T16:07:42","slug":"eiserne-spuren","status":"publish","type":"page","link":"http:\/\/rockelmann-pictures.de\/wordpress\/index.php\/eiserne-spuren\/","title":{"rendered":"Eiserne Spuren"},"content":{"rendered":"<div id=\"metaslider-id-509\" style=\"max-width: 1400px;\" class=\"ml-slider-3-19-1 metaslider metaslider-nivo metaslider-509 ml-slider\">\n    <div id=\"metaslider_container_509\">\n        <div class='slider-wrapper theme-default'><div class='ribbon'><\/div><div id='metaslider_509' class='nivoSlider'><img loading=\"lazy\" decoding=\"async\" src=\"http:\/\/rockelmann-pictures.de\/wordpress\/wp-content\/uploads\/2019\/07\/Bahnhof-SZB-Beamte-1087x466.jpg\" height=\"600\" width=\"1400\" title=\"dl_portrait_4s.indd\" alt=\"\" class=\"slider-509 slide-510\" \/><img loading=\"lazy\" decoding=\"async\" src=\"http:\/\/rockelmann-pictures.de\/wordpress\/wp-content\/uploads\/2019\/07\/Schaffner-neu-1017x435.jpg\" height=\"600\" width=\"1400\" title=\"Schaffner neu\" alt=\"\" class=\"slider-509 slide-511\" \/><img loading=\"lazy\" decoding=\"async\" src=\"http:\/\/rockelmann-pictures.de\/wordpress\/wp-content\/uploads\/2019\/07\/Wismutzug-1400x600.jpg\" height=\"600\" width=\"1400\" title=\"dl_portrait_4s.indd\" alt=\"\" class=\"slider-509 slide-512\" \/><img loading=\"lazy\" decoding=\"async\" src=\"http:\/\/rockelmann-pictures.de\/wordpress\/wp-content\/uploads\/2019\/07\/ReinstromPilz-1386x594.jpg\" height=\"600\" width=\"1400\" title=\"dl_portrait_4s.indd\" alt=\"\" class=\"slider-509 slide-513\" \/><img loading=\"lazy\" decoding=\"async\" src=\"http:\/\/rockelmann-pictures.de\/wordpress\/wp-content\/uploads\/2019\/07\/Meier-Otto-1400x600.jpg\" height=\"600\" width=\"1400\" title=\"dl_portrait_4s.indd\" alt=\"\" class=\"slider-509 slide-514\" \/><\/div><\/div>\n        \n    <\/div>\n<\/div>\n<p>Schwarzenberg, die Perle im Erzgebirge, kann neben ihrem romantischen Charme auch auf eine rasante Entwicklung im Zeitalter der Industrialisierung zur\u00fcckblicken. Eine Entwicklung, die sie zur Industriestadt formte. Voraussetzung daf\u00fcr war die Erfindung der Eisenbahn. Diese Verkehrs-revolution erm\u00f6glichte die aufkommende Masseng\u00fcterproduktion in der 2. H\u00e4lfte des 19. Jahrhunderts.<\/p>\n<p>&nbsp;<\/p>\n<p>Doch wer wollte die Bahnverbindung Zwickau &#8211; Schwarzenberg, k\u00e4mpfte f\u00fcr deren Bau? Wie ver\u00e4nderte sie das Leben in der Stadt und den umliegenden Ortschaften? Welche Bedeutung kommt dem Verkehr auf der Schiene heute zu?<\/p>\n<p>Die Antworten auf diese, sowie viele andere Fragen, geben ehemalige und noch aktive Eisenbahner, aber auch Zeitzeugen aus den Betrieben von damals und heute. Ihre Erlebnisse und Erinnerungen lassen alte Zeiten wieder lebendig werden, wozu historische Filme aus Best\u00e4nden privater und \u00f6ffentlicher Quellen, wie des DFF aus dem Deutschen Rundfunkarchiv einen wichtigen Beitrag leisten.<\/p>\n<p>&nbsp;<\/p>\n<p>Eiserne Spuren &#8211; dieser Film sucht nach Relikten einer regen Industriekultur und ihrer Wechselwirkung mit der Eisenbahn in und um Schwarzenberg, beleuchtet dabei ein spannendes Kapitel der historischen Entwicklung ab Mitte des 19. Jahrhunderts. Hochzeiten wie die \u00c4ra des Uranerzbergbaus durch die SDAG Wismut r\u00fccken dabei ebenso ins Licht, wie auch der stetige R\u00fcckgang des G\u00fcterverkehrs seit Anfang der 1990er Jahre. Touristische Aktivit\u00e4ten auf der Schiene, sowie brandaktuelle Projekte der Forschung, gew\u00e4hren dabei durchaus hoffnungsvolle Ausblicke in die Zukunft des Bahnverkehrs im Erzgebirge.<\/p>\n<p>Laufzeit: 100 Minuten<\/p>\n<p><a href=\"http:\/\/rockelmann-pictures.de\/wordpress\/wp-content\/uploads\/2019\/07\/Eiserne-Spuren_a1_1s-kk.jpg\"><img loading=\"lazy\" decoding=\"async\" class=\"alignnone size-full wp-image-502\" src=\"http:\/\/rockelmann-pictures.de\/wordpress\/wp-content\/uploads\/2019\/07\/Eiserne-Spuren_a1_1s-kk.jpg\" alt=\"\" width=\"595\" height=\"842\" srcset=\"http:\/\/rockelmann-pictures.de\/wordpress\/wp-content\/uploads\/2019\/07\/Eiserne-Spuren_a1_1s-kk.jpg 595w, http:\/\/rockelmann-pictures.de\/wordpress\/wp-content\/uploads\/2019\/07\/Eiserne-Spuren_a1_1s-kk-212x300.jpg 212w, http:\/\/rockelmann-pictures.de\/wordpress\/wp-content\/uploads\/2019\/07\/Eiserne-Spuren_a1_1s-kk-550x778.jpg 550w, http:\/\/rockelmann-pictures.de\/wordpress\/wp-content\/uploads\/2019\/07\/Eiserne-Spuren_a1_1s-kk-230x325.jpg 230w\" sizes=\"auto, (max-width: 595px) 100vw, 595px\" \/><\/a><\/p>\n<h5>Trailer:<\/h5>\n<div style=\"width: 720px;\" class=\"wp-video\"><!--[if lt IE 9]><script>document.createElement('video');<\/script><![endif]-->\n<video class=\"wp-video-shortcode\" id=\"video-501-1\" width=\"720\" height=\"390\" preload=\"metadata\" controls=\"controls\"><source type=\"video\/mp4\" src=\"http:\/\/rockelmann-pictures.de\/wordpress\/wp-content\/uploads\/2019\/07\/ES_Trailer-XWZ.mp4?_=1\" \/><a href=\"http:\/\/rockelmann-pictures.de\/wordpress\/wp-content\/uploads\/2019\/07\/ES_Trailer-XWZ.mp4\">http:\/\/rockelmann-pictures.de\/wordpress\/wp-content\/uploads\/2019\/07\/ES_Trailer-XWZ.mp4<\/a><\/video><\/div>\n","protected":false},"excerpt":{"rendered":"<p>Schwarzenberg, die Perle im Erzgebirge, kann neben ihrem romantischen Charme auch auf eine rasante Entwicklung im Zeitalter der Industrialisierung zur\u00fcckblicken. Eine Entwicklung, die sie zur Industriestadt formte. Voraussetzung daf\u00fcr war die Erfindung der Eisenbahn. Diese Verkehrs-revolution erm\u00f6glichte die aufkommende Masseng\u00fcterproduktion in der 2. H\u00e4lfte des 19. Jahrhunderts. &nbsp; Doch wer wollte die Bahnverbindung Zwickau &#8211; [&hellip;]<\/p>\n","protected":false},"author":1,"featured_media":0,"parent":0,"menu_order":0,"comment_status":"closed","ping_status":"closed","template":"","meta":{"footnotes":"","_links_to":"","_links_to_target":""},"class_list":["post-501","page","type-page","status-publish","hentry"],"_links":{"self":[{"href":"http:\/\/rockelmann-pictures.de\/wordpress\/index.php\/wp-json\/wp\/v2\/pages\/501","targetHints":{"allow":["GET"]}}],"collection":[{"href":"http:\/\/rockelmann-pictures.de\/wordpress\/index.php\/wp-json\/wp\/v2\/pages"}],"about":[{"href":"http:\/\/rockelmann-pictures.de\/wordpress\/index.php\/wp-json\/wp\/v2\/types\/page"}],"author":[{"embeddable":true,"href":"http:\/\/rockelmann-pictures.de\/wordpress\/index.php\/wp-json\/wp\/v2\/users\/1"}],"replies":[{"embeddable":true,"href":"http:\/\/rockelmann-pictures.de\/wordpress\/index.php\/wp-json\/wp\/v2\/comments?post=501"}],"version-history":[{"count":4,"href":"http:\/\/rockelmann-pictures.de\/wordpress\/index.php\/wp-json\/wp\/v2\/pages\/501\/revisions"}],"predecessor-version":[{"id":520,"href":"http:\/\/rockelmann-pictures.de\/wordpress\/index.php\/wp-json\/wp\/v2\/pages\/501\/revisions\/520"}],"wp:attachment":[{"href":"http:\/\/rockelmann-pictures.de\/wordpress\/index.php\/wp-json\/wp\/v2\/media?parent=501"}],"curies":[{"name":"wp","href":"https:\/\/api.w.org\/{rel}","templated":true}]}}