{"id":61,"date":"2015-02-19T10:11:46","date_gmt":"2015-02-19T09:11:46","guid":{"rendered":"http:\/\/rockelmann-pictures.24.eu\/wordpress\/?page_id=61"},"modified":"2025-08-29T13:52:04","modified_gmt":"2025-08-29T13:52:04","slug":"vergangene-produktionen","status":"publish","type":"page","link":"http:\/\/rockelmann-pictures.de\/wordpress\/index.php\/vergangene-produktionen\/","title":{"rendered":"in Produktion"},"content":{"rendered":"<h3>Casting<\/h3>\n<p>F\u00fcr die Vorproduktion der Kom\u00f6die &#8222;KI &#8211; KO &#8211; Kaputt&#8220; suchen wir noch einen Jungen zwischen 10 und 13 Jahren. Entscheidend ist eher die Gr\u00f6\u00dfe, da s\u00e4mtliche Kost\u00fcmteile schon vorhanden sind.<\/p>\n<p>Konfektionsgr\u00f6\u00dfe: 152<\/p>\n<p>Schuhgr\u00f6\u00dfe: 38<\/p>\n<p>Eine kleine Rolle in einer Kinderzimmer &#8211; Szene, die Ende der 1970er spielt. Low Budget. Bitte nur Interessenten aus dem Raum Erzgebirge bei Interesse melden unter info@rockelmann-pictures.de<\/p>\n","protected":false},"excerpt":{"rendered":"<p>Casting F\u00fcr die Vorproduktion der Kom\u00f6die &#8222;KI &#8211; KO &#8211; Kaputt&#8220; suchen wir noch einen Jungen zwischen 10 und 13 Jahren. Entscheidend ist eher die Gr\u00f6\u00dfe, da s\u00e4mtliche Kost\u00fcmteile schon vorhanden sind. Konfektionsgr\u00f6\u00dfe: 152 Schuhgr\u00f6\u00dfe: 38 Eine kleine Rolle in einer Kinderzimmer &#8211; Szene, die Ende der 1970er spielt. Low Budget. Bitte nur Interessenten aus [&hellip;]<\/p>\n","protected":false},"author":2,"featured_media":0,"parent":0,"menu_order":3,"comment_status":"closed","ping_status":"closed","template":"","meta":{"footnotes":"","_links_to":"","_links_to_target":""},"class_list":["post-61","page","type-page","status-publish","hentry"],"_links":{"self":[{"href":"http:\/\/rockelmann-pictures.de\/wordpress\/index.php\/wp-json\/wp\/v2\/pages\/61","targetHints":{"allow":["GET"]}}],"collection":[{"href":"http:\/\/rockelmann-pictures.de\/wordpress\/index.php\/wp-json\/wp\/v2\/pages"}],"about":[{"href":"http:\/\/rockelmann-pictures.de\/wordpress\/index.php\/wp-json\/wp\/v2\/types\/page"}],"author":[{"embeddable":true,"href":"http:\/\/rockelmann-pictures.de\/wordpress\/index.php\/wp-json\/wp\/v2\/users\/2"}],"replies":[{"embeddable":true,"href":"http:\/\/rockelmann-pictures.de\/wordpress\/index.php\/wp-json\/wp\/v2\/comments?post=61"}],"version-history":[{"count":4,"href":"http:\/\/rockelmann-pictures.de\/wordpress\/index.php\/wp-json\/wp\/v2\/pages\/61\/revisions"}],"predecessor-version":[{"id":620,"href":"http:\/\/rockelmann-pictures.de\/wordpress\/index.php\/wp-json\/wp\/v2\/pages\/61\/revisions\/620"}],"wp:attachment":[{"href":"http:\/\/rockelmann-pictures.de\/wordpress\/index.php\/wp-json\/wp\/v2\/media?parent=61"}],"curies":[{"name":"wp","href":"https:\/\/api.w.org\/{rel}","templated":true}]}}